{"id":1334,"date":"2018-10-12T10:24:10","date_gmt":"2018-10-12T10:24:10","guid":{"rendered":"http:\/\/hotello-demo.loc\/esperanza\/?page_id=1334"},"modified":"2022-02-14T15:20:11","modified_gmt":"2022-02-14T14:20:11","slug":"restaurant-la-marmotte","status":"publish","type":"page","link":"https:\/\/www.hotelmegeve.fr\/index.php\/restaurant-la-marmotte\/","title":{"rendered":"RESTAURANT LA MARMOTTE"},"content":{"rendered":"<p>[vc_section][vc_row][vc_column][stm_spacer height=\u00a0\u00bb73&Prime; height_tablet=\u00a0\u00bb60&Prime; height_mobile=\u00a0\u00bb40&Prime;][vc_row_inner][vc_column_inner width=\u00a0\u00bb1\/2&Prime;][vc_single_image image=\u00a0\u00bb1731&Prime; img_size=\u00a0\u00bb480&#215;480&Prime; style=\u00a0\u00bbvc_box_shadow\u00a0\u00bb][\/vc_column_inner][vc_column_inner width=\u00a0\u00bb1\/2&Prime;][vc_custom_heading text=\u00a0\u00bbCuisine r\u00e9gionale au restaurant La Marmotte\u00a0\u00bb font_container=\u00a0\u00bbtag:h3|font_size:35px|text_align:left|line_height:45px\u00a0\u00bb use_theme_fonts=\u00a0\u00bbyes\u00a0\u00bb css=\u00a0\u00bb.vc_custom_1562315904980{margin-top: 9px !important;margin-bottom: 27px !important;}\u00a0\u00bb][vc_column_text css=\u00a0\u00bb.vc_custom_1562316021122{margin-bottom: 52px !important;}\u00a0\u00bb]<\/p>\n<div class=\"wpb_text_column wpb_content_element vc_custom_1562305377763 sm_pl_15 sm_pr_15\">\n<div class=\"wpb_wrapper\">\n<p>Chaque jour, on sert un petit-d\u00e9jeuner et vous pourrez aussi profiter d\u2019une terrasse en \u00e9t\u00e9.<\/p>\n<\/div>\n<\/div>\n<p>[\/vc_column_text][vc_column_text]<\/p>\n<ul class=\"icon-list-1\">\n<li>Chemin\u00e9e \u00e9cologique<\/li>\n<li>Petit salon bar<\/li>\n<li><a href=\"http:\/\/www.hotelmegeve.fr\/CARTE hiver.pdf\" target=\"_blank\" rel=\"noopener\">Carte \u00e0 partir de 13\u20ac<\/a><\/li>\n<li><a href=\"http:\/\/www.hotelmegeve.fr\/CARTE formule.pdf\" target=\"_blank\" rel=\"noopener\">Sp\u00e9cialit\u00e9s \u00e0 partir de 15 \u20ac<\/a><\/li>\n<li>Voir notre <a href=\"http:\/\/www.hotelmegeve.fr\/Carte_Vin.pdf\" target=\"_blank\" rel=\"noopener\">carte des vins<\/a><\/li>\n<\/ul>\n<p>[\/vc_column_text][\/vc_column_inner][\/vc_row_inner][stm_spacer height=\u00a0\u00bb59&Prime; height_tablet=\u00a0\u00bb40&Prime; height_mobile=\u00a0\u00bb40&Prime;][\/vc_column][\/vc_row][\/vc_section]<\/p>\n","protected":false},"excerpt":{"rendered":"<p>[vc_section][vc_row][vc_column][stm_spacer height=\u00a0\u00bb73&Prime; height_tablet=\u00a0\u00bb60&Prime; height_mobile=\u00a0\u00bb40&Prime;][vc_row_inner][vc_column_inner width=\u00a0\u00bb1\/2&Prime;][vc_single_image image=\u00a0\u00bb1731&Prime; img_size=\u00a0\u00bb480&#215;480&Prime; style=\u00a0\u00bbvc_box_shadow\u00a0\u00bb][\/vc_column_inner][vc_column_inner width=\u00a0\u00bb1\/2&Prime;][vc_custom_heading text=\u00a0\u00bbCuisine r\u00e9gionale au restaurant La Marmotte\u00a0\u00bb font_container=\u00a0\u00bbtag:h3|font_size:35px|text_align:left|line_height:45px\u00a0\u00bb use_theme_fonts=\u00a0\u00bbyes\u00a0\u00bb css=\u00a0\u00bb.vc_custom_1562315904980{margin-top: 9px !important;margin-bottom: 27px !important;}\u00a0\u00bb][vc_column_text css=\u00a0\u00bb.vc_custom_1562316021122{margin-bottom: 52px !important;}\u00a0\u00bb] Chaque jour, on sert un petit-d\u00e9jeuner et vous pourrez aussi profiter d\u2019une terrasse en \u00e9t\u00e9. [\/vc_column_text][vc_column_text] Chemin\u00e9e \u00e9cologique Petit salon bar Carte \u00e0 partir de 13\u20ac Sp\u00e9cialit\u00e9s \u00e0 partir de [&hellip;]<\/p>\n","protected":false},"author":3,"featured_media":0,"parent":0,"menu_order":0,"comment_status":"closed","ping_status":"closed","template":"","meta":{"footnotes":""},"_links":{"self":[{"href":"https:\/\/www.hotelmegeve.fr\/index.php\/wp-json\/wp\/v2\/pages\/1334"}],"collection":[{"href":"https:\/\/www.hotelmegeve.fr\/index.php\/wp-json\/wp\/v2\/pages"}],"about":[{"href":"https:\/\/www.hotelmegeve.fr\/index.php\/wp-json\/wp\/v2\/types\/page"}],"author":[{"embeddable":true,"href":"https:\/\/www.hotelmegeve.fr\/index.php\/wp-json\/wp\/v2\/users\/3"}],"replies":[{"embeddable":true,"href":"https:\/\/www.hotelmegeve.fr\/index.php\/wp-json\/wp\/v2\/comments?post=1334"}],"version-history":[{"count":12,"href":"https:\/\/www.hotelmegeve.fr\/index.php\/wp-json\/wp\/v2\/pages\/1334\/revisions"}],"predecessor-version":[{"id":1732,"href":"https:\/\/www.hotelmegeve.fr\/index.php\/wp-json\/wp\/v2\/pages\/1334\/revisions\/1732"}],"wp:attachment":[{"href":"https:\/\/www.hotelmegeve.fr\/index.php\/wp-json\/wp\/v2\/media?parent=1334"}],"curies":[{"name":"wp","href":"https:\/\/api.w.org\/{rel}","templated":true}]}}